ivided by 20.
9
What is the remainder when 54055 is divided by 111?
109
What is the remainder when 321722 is divided by 17?
14
What is the remainder when 2057 is divided by 1974?
83
Calculate the remainder when 3155 is divided by 256.
83
What is the remainder when 13041 is divided by 1241?
631
What is the remainder when 38240 is divided by 63?
62
What is the remainder when 3372 is divided by 281?
0
What is the remainder when 1246 is divided by 406?
28
What is the remainder when 38990 is divided by 12938?
176
What is the remainder when 309866 is divided by 204?
194
Calculate the remainder when 22684 is divided by 107.
0
Calculate the remainder when 321725 is divided by 258.
257
What is the remainder when 2015 is divided by 1953?
62
Calculate the remainder when 31710 is divided by 10530.
120
What is the remainder when 688543 is divided by 587?
579
What is the remainder when 106043 is divided by 26?
15
What is the remainder when 14202 is divided by 610?
172
Calculate the remainder when 6656 is divided by 2053.
497
Calculate the remainder when 128008 is divided by 42635.
103
What is the remainder when 10693 is divided by 1850?
1443
What is the remainder when 29254 is divided by 24?
22
What is the remainder when 16643 is divided by 7564?
1515
Calculate the remainder when 3862 is divided by 264.
166
What is the remainder when 73841 is divided by 76?
45
Calculate the remainder when 3555 is divided by 54.
45
Calculate the remainder when 2437 is divided by 1215.
7
Calculate the remainder when 111120 is divided by 49.
37
Calculate the remainder when 3946 is divided by 3903.
43
Calculate the remainder when 26735 is divided by 2673.
5
What is the remainder when 3567855 is divided by 969?
966
Calculate the remainder when 4090 is divided by 130.
60
What is the remainder when 76026 is divided by 2385?
2091
What is the remainder when 2432 is divided by 801?
29
Calculate the remainder when 1096709 is divided by 789.
788
What is the remainder when 165151 is divided by 16?
15
Calculate the remainder when 831 is divided by 816.
15
What is the remainder when 5376 is divided by 1506?
858
Calculate the remainder when 206149 is divided by 103073.
3
What is the remainder when 20645 is divided by 543?
11
Calculate the remainder when 3148 is divided by 230.
158
What is the remainder when 145070 is divided by 145057?
13
What is the remainder when 170814 is divided by 34?
32
What is the remainder when 91877 is divided by 1209?
1202
Calculate the remainder when 225 is divided by 168.
57
What is the remainder when 195286 is divided by 79?
77
Calculate the remainder when 637328 is divided by 77.
76
What is the remainder when 32069 is divided by 218?
23
Calculate the remainder when 138152 is divided by 52.
40
What is the remainder when 1647663 is divided by 33?
6
What is the remainder when 5521 is divided by 25?
21
What is the remainder when 297183 is divided by 27?
21
Calculate the remainder when 21886 is divided by 2.
0
What is the remainder when 39799 is divided by 10?
9
Calculate the remainder when 13905 is divided by 325.
255
Calculate the remainder when 37943 is divided by 973.
969
Calculate the remainder when 4653 is divided by 2215.
223
Calculate the remainder when 2277 is divided by 2252.
25
What is the remainder when 12318 is divided by 616?
614
What is the remainder when 58265 is divided by 51?
23
What is the remainder when 9783 is divided by 357?
144
Calculate the remainder when 43094 is divided by 20.
14
What is the remainder when 2513 is divided by 193?
4
What is the remainder when 5624 is divided by 238?
150
Calculate the remainder when 7357 is divided by 51.
13
What is the remainder when 465640 is divided by 559?
552
What is the remainder when 5301 is divided by 587?
18
What is the remainder when 55195 is divided by 112?
91
What is the remainder when 1039 is divided by 233?
107
Calculate the remainder when 47587 is divided by 23771.
45
What is the remainder when 623 is divided by 13?
12
Calculate the remainder when 17907 is divided by 33.
21
What is the remainder when 92686 is divided by 46328?
30
Calculate the remainder when 56568 is divided by 56550.
18
What is the remainder when 14225 is divided by 1188?
1157
Calculate the remainder when 1384553 is divided by 138454.
13
What is the remainder when 134116 is divided by 67041?
34
What is the remainder when 44587 is divided by 44551?
36
What is the remainder when 231475 is divided by 4?
3
Calculate the remainder when 28672 is divided by 94.
2
Calculate the remainder when 131440 is divided by 225.
40
What is the remainder when 17532 is divided by 12?
0
What is the remainder when 5013 is divided by 4370?
643
What is the remainder when 14006 is divided by 3500?
6
Calculate the remainder when 117298 is divided by 20.
18
Calculate the remainder when 9251 is divided by 3553.
2145
What is the remainder when 13769 is divided by 4587?
8
Calculate the remainder when 30609 is divided by 51.
9
What is the remainder when 80992 is divided by 13495?
22
Calculate the remainder when 23529 is divided by 561.
528
What is the remainder when 22915 is divided by 954?
19
Calculate the remainder when 106057 is divided by 1179.
1126
Calculate the remainder when 87812 is divided by 46.
44
What is the remainder when 7719 is divided by 27?
24
What is the remainder when 9137 is divided by 2988?
173
What is the remainder when 4956 is divided by 2454?
48
Calculate the remainder when 2270386 is divided by 10.
6
Calculate the remainder when 76486 is divided by 223.
220
What is the remainder when 560719 is divided by 982?
979
Calculate the remainder when 13806 is divided by 4415.
561
Calculate the remainder when 152904 is divided by 114.
30
What is the remainder when 11945 is divided by 142?
17
Calculate the remainder when 60622 is divided by 77.
23
What is the remainder when 2706 is divided by 897?
15
What is the remainder when 35214 is divided by 129?
126
What is the remainder when 155578 is divided by 19447?
2
What is the remainder when 11568 is divided by 23?
22
What is the remainder when 126364 is divided by 306?
292
Calculate the remainder when 2041 is divided by 506.
17
What is the remainder when 60197 is divided by 37?
35
What is the remainder when 14783 is divided by 1837?
87
What is the remainder when 39955 is divided by 1902?
13
What is the remainder when 15395 is divided by 63?
23
Calculate the remainder when 132991 is divided by 257.
122
What is the remainder when 21348 is divided by 34?
30
What is the remainder when 16097 is divided by 304?
289
What is the remainder when 40943 is divided by 10235?
3
What is the remainder when 19446 is divided by 8?
6
What is the remainder when 21580 is divided by 91?
13
What is the remainder when 5234 is divided by 861?
68
Calculate the remainder when 4867 is divided by 1216.
3
What is the remainder when 27287 is divided by 25?
12
Calculate the remainder when 51232 is divided by 24.
16
What is the remainder when 135411 is divided by 9027?
6
What is the remainder when 65021 is divided by 4060?
61
Calculate the remainder when 20144 is divided by 40.
24
Calculate the remainder when 982741 is divided by 3613.
5
What is the remainder when 13195 is divided by 50?
45
Calculate the remainder when 10568 is divided by 3522.
2
Calculate the remainder when 2480 is divided by 62.
0
Calculate the remainder when 21418 is divided by 48.
10
What is the remainder when 3305 is divided by 276?
269
What is the remainder when 1314 is divided by 62?
12
Calculate the remainder when 10465534 is divided by 384.
382
What is the remainder when 5505 is divided by 17?
14
Calculate the remainder when 173183 is divided by 251.
244
What is the remainder when 6267 is divided by 2277?
1713
Calculate the remainder when 3919 is divided by 3656.
263
What is the remainder when 17998 is divided by 240?
238
What is the remainder when 13460 is divided by 1223?
7
Calculate the remainder when 18628 is divided by 135.
133
What is the remainder when 29074 is divided by 393?
385
What is the remainder when 261 is divided by 26?
1
What is the remainder when 616 is divided by 144?
40
What is the remainder when 258491 is divided by 129236?
19
Calculate the remainder when 41241 is divided by 1169.
326
What is the remainder when 6937 is divided